{"id":189,"date":"2023-02-04T17:50:10","date_gmt":"2023-02-04T16:50:10","guid":{"rendered":"http:\/\/cegenundthierry.ch\/?page_id=189"},"modified":"2023-03-07T03:37:46","modified_gmt":"2023-03-07T02:37:46","slug":"faqs-haeufig-gestellte-fragen","status":"publish","type":"page","link":"https:\/\/cegenundthierry.ch\/index.php\/faqs-haeufig-gestellte-fragen\/","title":{"rendered":"FAQs"},"content":{"rendered":"\n<p class=\"has-text-align-right has-cyan-bluish-gray-color has-text-color\">Stand: 06.03.3023<\/p>\n\n\n\n<p><strong><div id=\"Antwort5-link-189\" class=\"sh-link Antwort5-link sh-hide\"><a href=\"#\" onclick=\"showhide_toggle('Antwort5', 189, 'Wo werden Updates zur Hochzeit ver\u00f6ffentlicht?', 'Wo werden Updates zur Hochzeit ver\u00f6ffentlicht?'); return false;\" aria-expanded=\"false\"><span id=\"Antwort5-toggle-189\">Wo werden Updates zur Hochzeit ver\u00f6ffentlicht?<\/span><\/a><\/div><div id=\"Antwort5-content-189\" class=\"sh-content Antwort5-content sh-hide\" style=\"display: none;\"><\/strong><\/p>\n\n\n\n<p>Wichtige Updates zur Hochzeit werden auf der Webseite bekannt gegeben.<\/p>\n\n\n\n<p><strong><\/div><\/strong> <\/p>\n\n\n\n<p class=\"has-text-color has-medium-font-size\" style=\"color:#caa755\">EINLADUNG UND ANTWORTSCHREIBEN<\/p>\n\n\n\n<p><strong><div id=\"Antwort-link-189\" class=\"sh-link Antwort-link sh-hide\"><a href=\"#\" onclick=\"showhide_toggle('Antwort', 189, 'Wie kann ich auf die Einladung antworten?', 'Wie kann ich auf die Einladung antworten?'); return false;\" aria-expanded=\"false\"><span id=\"Antwort-toggle-189\">Wie kann ich auf die Einladung antworten?<\/span><\/a><\/div><div id=\"Antwort-content-189\" class=\"sh-content Antwort-content sh-hide\" style=\"display: none;\"><\/strong><br>Wir hoffen sehr, dass Du an unserem besonderen Tag bei uns sein kannst. F\u00fcr die Anmeldung zur Hochzeit klicke einfach <a href=\"http:\/\/cegenundthierry.ch\/index.php\/anmeldung\/\">hier<\/a> und teile uns Deine Pl\u00e4ne direkt hier auf unserer Website mit. <\/p>\n\n\n\n<p><strong><\/div><\/strong> <\/p>\n\n\n\n<p><strong><div id=\"Antwort2-link-189\" class=\"sh-link Antwort2-link sh-hide\"><a href=\"#\" onclick=\"showhide_toggle('Antwort2', 189, 'Bis zu welchem Datum sollte ich meine Antwort abgeben?', 'Bis zu welchem Datum sollte ich meine Antwort abgeben?'); return false;\" aria-expanded=\"false\"><span id=\"Antwort2-toggle-189\">Bis zu welchem Datum sollte ich meine Antwort abgeben?<\/span><\/a><\/div><div id=\"Antwort2-content-189\" class=\"sh-content Antwort2-content sh-hide\" style=\"display: none;\"><\/strong><\/p>\n\n\n\n<p>Bitte sende uns Deine Antwort bis Ende M\u00e4rz. <\/p>\n\n\n\n<p><a href=\"http:\/\/cegenundthierry.ch\/index.php\/anmeldung\/\">Hier entlang f\u00fcr die Anmeldung&#8230;<\/a><\/p>\n\n\n\n<p><strong><\/div><\/strong><\/p>\n\n\n\n<p><strong><div id=\"Antwort4-link-189\" class=\"sh-link Antwort4-link sh-hide\"><a href=\"#\" onclick=\"showhide_toggle('Antwort4', 189, 'Was soll ich tun, wenn ich nicht dabei sein kann?', 'Was soll ich tun, wenn ich nicht dabei sein kann?'); return false;\" aria-expanded=\"false\"><span id=\"Antwort4-toggle-189\">Was soll ich tun, wenn ich nicht dabei sein kann?<\/span><\/a><\/div><div id=\"Antwort4-content-189\" class=\"sh-content Antwort4-content sh-hide\" style=\"display: none;\"><\/strong><\/p>\n\n\n\n<p>Wir werden Dich vermissen! Wenn Du nicht zur Hochzeit kommen kannst, lass es uns bitte so bald wie m\u00f6glich wissen.<\/p>\n\n\n\n<p><strong><\/div><\/strong> <\/p>\n\n\n\n<p><strong><div id=\"Einladung1-link-189\" class=\"sh-link Einladung1-link sh-hide\"><a href=\"#\" onclick=\"showhide_toggle('Einladung1', 189, 'Darf ich meinen Partner oder ein Plus One mitbringen?', 'Darf ich meinen Partner oder ein Plus One mitbringen?'); return false;\" aria-expanded=\"false\"><span id=\"Einladung1-toggle-189\">Darf ich meinen Partner oder ein Plus One mitbringen?<\/span><\/a><\/div><div id=\"Einladung1-content-189\" class=\"sh-content Einladung1-content sh-hide\" style=\"display: none;\"><\/strong><\/p>\n\n\n\n<p>Ja! Wir w\u00fcrden uns sogar sehr dar\u00fcber freuen. <\/p>\n\n\n\n<p><strong><\/div><\/strong> <\/p>\n\n\n\n<p><strong><div id=\"Kinder-link-189\" class=\"sh-link Kinder-link sh-hide\"><a href=\"#\" onclick=\"showhide_toggle('Kinder', 189, 'Darf ich meine Kinder mitbringen?', 'Darf ich meine Kinder mitbringen?'); return false;\" aria-expanded=\"false\"><span id=\"Kinder-toggle-189\">Darf ich meine Kinder mitbringen?<\/span><\/a><\/div><div id=\"Kinder-content-189\" class=\"sh-content Kinder-content sh-hide\" style=\"display: none;\"><\/strong><\/p>\n\n\n\n<p>Ja, Kinder sind willkommen. Informiere uns \u00fcber die Anmeldung, wie viele Kinder kommen werden.<\/p>\n\n\n\n<p><strong><\/div><\/strong> <\/p>\n\n\n\n<p class=\"has-text-color has-medium-font-size\" style=\"color:#caa755;text-transform:uppercase\">Anfahrt, Transport und Unterbringung<\/p>\n\n\n\n<p class=\"has-text-align-left\"><strong><div id=\"post-link-189\" class=\"sh-link post-link sh-hide\"><a href=\"#\" onclick=\"showhide_toggle('post', 189, 'Wo findet die Hochzeit statt?', 'Wo findet die Hochzeit statt?'); return false;\" aria-expanded=\"false\"><span id=\"post-toggle-189\">Wo findet die Hochzeit statt?<\/span><\/a><\/div><div id=\"post-content-189\" class=\"sh-content post-content sh-hide\" style=\"display: none;\"> <\/strong><\/p>\n\n\n\n<p>Die Hochzeit findet auf dem Hofgut von H\u00fcnersdorff in W\u00f6rth am Main in Deutschland statt.<br>Die genaue Adresse lautet: Landstrasse 42, 63939 W\u00f6rth \/ Main, Deutschland. <a href=\"http:\/\/cegenundthierry.ch\/index.php\/anfahrt\/\">Mehr Informationen dazu&#8230;<\/a><\/p>\n\n\n\n<p class=\"has-text-align-left\"><strong><\/div><\/strong><\/p>\n\n\n\n<p><strong><div id=\"Uhrzeit-link-189\" class=\"sh-link Uhrzeit-link sh-hide\"><a href=\"#\" onclick=\"showhide_toggle('Uhrzeit', 189, 'Um wie viel Uhr findet die Zeremonie statt? Um wie viel Uhr findet der Empfang statt? Um wie viel Uhr soll ich zur Zeremonie kommen?', 'Um wie viel Uhr findet die Zeremonie statt? Um wie viel Uhr findet der Empfang statt? Um wie viel Uhr soll ich zur Zeremonie kommen?'); return false;\" aria-expanded=\"false\"><span id=\"Uhrzeit-toggle-189\">Um wie viel Uhr findet die Zeremonie statt? Um wie viel Uhr findet der Empfang statt? Um wie viel Uhr soll ich zur Zeremonie kommen?<\/span><\/a><\/div><div id=\"Uhrzeit-content-189\" class=\"sh-content Uhrzeit-content sh-hide\" style=\"display: none;\"><\/strong><\/p>\n\n\n\n<p>Die Trauungszeremonie beginnt um 14 Uhr. Wir empfehlen, 30-60 Minuten vorher zu erscheinen. Vor der Trauung wird f\u00fcr Getr\u00e4nke und Toilettenm\u00f6glichkeiten gesorgt sein. Informationen zum groben zeitlichen Ablauf findest Du <a href=\"http:\/\/cegenundthierry.ch\/index.php\/programm\/\">hier<\/a>.<\/p>\n\n\n\n<p><strong><\/div><\/strong><\/p>\n\n\n\n<p><strong><div id=\"Zeremonie-link-189\" class=\"sh-link Zeremonie-link sh-hide\"><a href=\"#\" onclick=\"showhide_toggle('Zeremonie', 189, 'Was erwartet mich nach der Zeremonie?', 'Was erwartet mich nach der Zeremonie?'); return false;\" aria-expanded=\"false\"><span id=\"Zeremonie-toggle-189\">Was erwartet mich nach der Zeremonie?<\/span><\/a><\/div><div id=\"Zeremonie-content-189\" class=\"sh-content Zeremonie-content sh-hide\" style=\"display: none;\"><\/strong><\/p>\n\n\n\n<p>Nach der Trauung wird zeremoniell getanzt und das frische Ehepaar besungen. Die G\u00e4ste k\u00f6nnen sich im Hof versammeln, wo Fingerfood und Getr\u00e4nke serviert werden und die G\u00e4ste mit tigrinischer Musik unterhalten werden. Das Abendessen wird um 17 Uhr mit einem B\u00fcffet er\u00f6ffnet, danach wird getanzt. <\/p>\n\n\n\n<p><strong><\/div><\/strong> <\/p>\n\n\n\n<p><strong><div id=\"Empfang2-link-189\" class=\"sh-link Empfang2-link sh-hide\"><a href=\"#\" onclick=\"showhide_toggle('Empfang2', 189, 'Um wie viel Uhr endet das Hochzeitsprogramm? Gibt es eine After-Party?', 'Um wie viel Uhr endet der Hochzeitsempfang? Gibt es eine After-Party?'); return false;\" aria-expanded=\"false\"><span id=\"Empfang2-toggle-189\">Um wie viel Uhr endet das Hochzeitsprogramm? Gibt es eine After-Party?<\/span><\/a><\/div><div id=\"Empfang2-content-189\" class=\"sh-content Empfang2-content sh-hide\" style=\"display: none;\"><\/strong><\/p>\n\n\n\n<p>Die G\u00e4ste k\u00f6nnen sich im Hof versammeln, wo Fingerfood und Getr\u00e4nke serviert werden und die G\u00e4ste mit tigrinischer Musik unterhalten werden. Das Abendessen wird um 17 Uhr mit einem B\u00fcffet er\u00f6ffnet, danach wird getanzt. Ab 20 Uhr wird das Ehepaar wieder im Saal nach tigrinischer Tradition empfangen. Dabei wird gesungen und getanzt. Anschlie\u00dfend findet der Tortenschnitt statt. Um 22:00 endet das Programm und die After Party startet.<\/p>\n\n\n\n<p><strong><\/div><\/strong> <\/p>\n\n\n\n<p><strong><div id=\"Transport-link-189\" class=\"sh-link Transport-link sh-hide\"><a href=\"#\" onclick=\"showhide_toggle('Transport', 189, 'Werden Transportmittel zur Verf\u00fcgung gestellt? Gibt es an dem Veranstaltungsort ausreichend Parkpl\u00e4tze?', 'Werden Transportmittel zur Verf\u00fcgung gestellt? Gibt es an dem Veranstaltungsort ausreichend Parkpl\u00e4tze?'); return false;\" aria-expanded=\"false\"><span id=\"Transport-toggle-189\">Werden Transportmittel zur Verf\u00fcgung gestellt? Gibt es an dem Veranstaltungsort ausreichend Parkpl\u00e4tze?<\/span><\/a><\/div><div id=\"Transport-content-189\" class=\"sh-content Transport-content sh-hide\" style=\"display: none;\"><\/strong><\/p>\n\n\n\n<p>Ein Shuttleservice verkehrt zwischen den Hotels in Obernburg und dem Hofgut von H\u00fcnersdorff. Mehr Informationen dazu findest Du <a href=\"https:\/\/cegenundthierry.ch\/index.php\/unterkunft\/\">hier<\/a>. Bitte kontaktiere das Brautpaar direkt bei weiteren Fragen zu Transportm\u00f6glichkeiten. <\/p>\n\n\n\n<p>Es gibt ausreichend Parkpl\u00e4tze f\u00fcr diejenigen, die gerne mit dem Auto fahren m\u00f6chten. Bitte geht auf Nummer sicher und nimmt einen Fahrdienst in Anspruch oder bildet Fahrgemeinschaften, wenn ihr vorhabt, etwas zu trinken. <\/p>\n\n\n\n<p><strong><\/div><\/strong> <\/p>\n\n\n\n<p><strong><div id=\"Hotel-link-189\" class=\"sh-link Hotel-link sh-hide\"><a href=\"#\" onclick=\"showhide_toggle('Hotel', 189, 'Habt ihr ein Hotelkontingent f\u00fcr G\u00e4ste oder Unterkunftsempfehlungen?', 'Haben Sie ein Hotelkontingent f\u00fcr G\u00e4ste oder Unterkunftsempfehlungen?'); return false;\" aria-expanded=\"false\"><span id=\"Hotel-toggle-189\">Habt ihr ein Hotelkontingent f\u00fcr G\u00e4ste oder Unterkunftsempfehlungen?<\/span><\/a><\/div><div id=\"Hotel-content-189\" class=\"sh-content Hotel-content sh-hide\" style=\"display: none;\"><\/strong><\/p>\n\n\n\n<p>Wir haben Kontingente in zwei Hotels reserviert. Bitte gib bei der Reservierung an, dass Du zur Hochzeitsfeier geh\u00f6rst. Weitere Informationen findest Du <a href=\"https:\/\/cegenundthierry.ch\/index.php\/unterkunft\/\">hier<\/a>.<\/p>\n\n\n\n<p><strong><\/div><\/strong> <\/p>\n\n\n\n<p><strong><div id=\"Rollstuhl-link-189\" class=\"sh-link Rollstuhl-link sh-hide\"><a href=\"#\" onclick=\"showhide_toggle('Rollstuhl', 189, 'Sind der Ort der Zeremonie und des Empfangs f\u00fcr Rollstuhlfahrer zug\u00e4nglich?', 'Sind der Ort der Zeremonie und des Empfangs f\u00fcr Rollstuhlfahrer zug\u00e4nglich?'); return false;\" aria-expanded=\"false\"><span id=\"Rollstuhl-toggle-189\">Sind der Ort der Zeremonie und des Empfangs f\u00fcr Rollstuhlfahrer zug\u00e4nglich?<\/span><\/a><\/div><div id=\"Rollstuhl-content-189\" class=\"sh-content Rollstuhl-content sh-hide\" style=\"display: none;\"><\/strong><\/p>\n\n\n\n<p>Alle Orte sind f\u00fcr Rollstuhlfahrer zug\u00e4nglich.<\/p>\n\n\n\n<p><strong><\/div><\/strong> <\/p>\n\n\n\n<p><strong><div id=\"Drau\u00dfen-link-189\" class=\"sh-link Drau\u00dfen-link sh-hide\"><a href=\"#\" onclick=\"showhide_toggle('Drau\u00dfen', 189, 'Findet die Hochzeit drinnen oder drau\u00dfen statt?', 'Findet die Hochzeit drinnen oder drau\u00dfen statt?'); return false;\" aria-expanded=\"false\"><span id=\"Drau\u00dfen-toggle-189\">Findet die Hochzeit drinnen oder drau\u00dfen statt?<\/span><\/a><\/div><div id=\"Drau\u00dfen-content-189\" class=\"sh-content Drau\u00dfen-content sh-hide\" style=\"display: none;\"><\/strong><\/p>\n\n\n\n<p>Die feierliche Trauung, der anschliessende Empfang sowie das Abendessen mit dem Fest finden auf dem Hofgut von H\u00fcnersdorff statt. Die Zeremonie findet im Park des Hofguts von H\u00fcnersdorff statt und der Empfang im Hof. Und bei Regen finden die Trauung und der Empfang im ehemaligen Kuhstall statt. Je nach Wetterlage sind Jacken, H\u00fcte und\/oder flache Schuhe von Vorteil.<\/p>\n\n\n\n<p><strong><\/div><\/strong> <\/p>\n\n\n\n<p class=\"has-text-color has-medium-font-size\" style=\"color:#caa755;text-transform:uppercase\">Dress Code<\/p>\n\n\n\n<p><strong><div id=\"Kleiderordnung-link-189\" class=\"sh-link Kleiderordnung-link sh-hide\"><a href=\"#\" onclick=\"showhide_toggle('Kleiderordnung', 189, 'Was ist die Kleiderordnung? Was sollte ich anziehen?', 'Was ist die Kleiderordnung? Was sollte ich anziehen?'); return false;\" aria-expanded=\"false\"><span id=\"Kleiderordnung-toggle-189\">Was ist die Kleiderordnung? Was sollte ich anziehen?<\/span><\/a><\/div><div id=\"Kleiderordnung-content-189\" class=\"sh-content Kleiderordnung-content sh-hide\" style=\"display: none;\"><\/strong><\/p>\n\n\n\n<p>Trage etwas, in dem Du dich wohlf\u00fchlst &#8211; Hemden mit Kn\u00f6pfen, lange, flie\u00dfende Kleider oder was immer Dir Freude bereitet. Da unsere Zeremonie im Park stattfinden wird, empfehlen wir, auf hohe Abs\u00e4tze zu verzichten oder flache Schuhe dabei zu haben.  Je nach Wetterlage empfehlen wir, auch eine Jacke mitzunehmen. <\/p>\n\n\n\n<p>Stichpunkte: <\/p>\n\n\n\n<ul class=\"wp-block-list\">\n<li>Semi-Formal: Balance zwischen Eleganz und Komfort <\/li>\n\n\n\n<li>Habesha Kemis<\/li>\n<\/ul>\n\n\n\n<p><strong><\/div><\/strong><\/p>\n\n\n\n<p><strong><div id=\"Wetter-link-189\" class=\"sh-link Wetter-link sh-hide\"><a href=\"#\" onclick=\"showhide_toggle('Wetter', 189, 'Mit was f\u00fcr einem Wetter muss ich rechnen?', 'Mit was f\u00fcr einen Wetter muss ich rechnen?'); return false;\" aria-expanded=\"false\"><span id=\"Wetter-toggle-189\">Mit was f\u00fcr einem Wetter muss ich rechnen?<\/span><\/a><\/div><div id=\"Wetter-content-189\" class=\"sh-content Wetter-content sh-hide\" style=\"display: none;\"><\/strong><\/p>\n\n\n\n<p>Nat\u00fcrlich k\u00f6nnen wir f\u00fcr nichts garantieren, aber das Wetter im Rhein-Main Gebiet kann um den Mai recht wechselhaft sein. Behaltet deshalb an den Tagen vor der Hochzeit die Wettervorhersage <a href=\"https:\/\/www.wetter.com\/wetter_aktuell\/wettervorhersage\/16_tagesvorhersage\/deutschland\/woerth-am-main\/DE0010993.html\">hier<\/a> im Auge.<\/p>\n\n\n\n<script src=\"https:\/\/apps.elfsight.com\/p\/platform.js\" defer=\"\"><\/script>\n<div class=\"elfsight-app-407444a3-358b-4e10-8d8f-d310fa75c3e3\"><\/div>\n\n\n\n<p><strong><\/div><\/strong><\/p>\n\n\n\n<p class=\"has-text-color has-medium-font-size\" style=\"color:#caa755\">ESSEN<\/p>\n\n\n\n<p><strong><div id=\"Essen1-link-189\" class=\"sh-link Essen1-link sh-hide\"><a href=\"#\" onclick=\"showhide_toggle('Essen1', 189, 'Welche Art von Speisen und Getr\u00e4nken werden w\u00e4hrend des Empfangs serviert?', 'Welche Art von Speisen und Getr\u00e4nken werden w\u00e4hrend des Empfangs serviert?'); return false;\" aria-expanded=\"false\"><span id=\"Essen1-toggle-189\">Welche Art von Speisen und Getr\u00e4nken werden w\u00e4hrend des Empfangs serviert?<\/span><\/a><\/div><div id=\"Essen1-content-189\" class=\"sh-content Essen1-content sh-hide\" style=\"display: none;\"><\/strong><\/p>\n\n\n\n<p>Wir servieren leichte Snacks und Fingerfood w\u00e4hrend der Cocktailstunde, gefolgt von einem k\u00f6stlichen Abendbuffet mit \u00e4thiopischen und europ\u00e4ischen Speisen.<\/p>\n\n\n\n<p><strong><\/div><\/strong> <\/p>\n\n\n\n<p><strong><div id=\"Essen2-link-189\" class=\"sh-link Essen2-link sh-hide\"><a href=\"#\" onclick=\"showhide_toggle('Essen2', 189, 'Ich habe di\u00e4tetische Einschr\u00e4nkungen. Wie teile ich Ihnen das am besten mit?', 'Ich habe di\u00e4tetische Einschr\u00e4nkungen. Wie teile ich Ihnen das am besten mit?'); return false;\" aria-expanded=\"false\"><span id=\"Essen2-toggle-189\">Ich habe di\u00e4tetische Einschr\u00e4nkungen. Wie teile ich Ihnen das am besten mit?<\/span><\/a><\/div><div id=\"Essen2-content-189\" class=\"sh-content Essen2-content sh-hide\" style=\"display: none;\"><\/strong><\/p>\n\n\n\n<p>Wir m\u00f6chten auf jeden Fall sicherstellen, dass Du Deine Zeit und Dein Essen an unserem Hochzeitstag genie\u00dfen k\u00f6nnt, bitte teile uns in der <a href=\"https:\/\/cegenundthierry.ch\/index.php\/anmeldung\/\">Anmeldung<\/a> Deine di\u00e4tetischen Bed\u00fcrfnisse mit.<\/p>\n\n\n\n<p><strong><\/div><\/strong> <\/p>\n\n\n\n<p><strong><div id=\"Essen3-link-189\" class=\"sh-link Essen3-link sh-hide\"><a href=\"#\" onclick=\"showhide_toggle('Essen3', 189, 'Gibt es vegane\/vegetarische\/glutenfreie Optionen?', 'Gibt es vegane\/vegetarische\/glutenfreie Optionen?'); return false;\" aria-expanded=\"false\"><span id=\"Essen3-toggle-189\">Gibt es vegane\/vegetarische\/glutenfreie Optionen?<\/span><\/a><\/div><div id=\"Essen3-content-189\" class=\"sh-content Essen3-content sh-hide\" style=\"display: none;\"><\/strong><\/p>\n\n\n\n<p>Ja, es gibt vegetarische, vegane und glutenfreie Optionen. Wir m\u00f6chten auf jeden Fall sicherstellen, dass Du Deine Zeit und Dein Essen an unserem Hochzeitstag genie\u00dfen k\u00f6nnt, bitte teile uns in der <a href=\"https:\/\/cegenundthierry.ch\/index.php\/anmeldung\/\">Anmeldung<\/a> Deine di\u00e4tetischen Bed\u00fcrfnisse mit.<\/p>\n\n\n\n<p><strong><\/div><\/strong> <\/p>\n\n\n\n<p><strong><div id=\"Bar-link-189\" class=\"sh-link Bar-link sh-hide\"><a href=\"#\" onclick=\"showhide_toggle('Bar', 189, 'Wird es eine offene Bar geben?', 'Wird es eine offene Bar geben?'); return false;\" aria-expanded=\"false\"><span id=\"Bar-toggle-189\">Wird es eine offene Bar geben?<\/span><\/a><\/div><div id=\"Bar-content-189\" class=\"sh-content Bar-content sh-hide\" style=\"display: none;\"><\/strong><\/p>\n\n\n\n<p>Ja, sp\u00e4t abends wird die Bar er\u00f6ffnet.<\/p>\n\n\n\n<p><strong><\/div><\/strong> <\/p>\n\n\n\n<p class=\"has-text-color has-medium-font-size\" style=\"color:#caa755\">SONSTIGES<\/p>\n\n\n\n<p><strong><div id=\"Fragen-link-189\" class=\"sh-link Fragen-link sh-hide\"><a href=\"#\" onclick=\"showhide_toggle('Fragen', 189, 'Ich habe eine Frage, auf die ich einfach keine Antwort finde. Wie kann ich Euch am besten kontaktieren?', 'Ich habe eine Frage, auf die ich einfach keine Antwort finde. Wie kann ich Euch am besten kontaktieren?'); return false;\" aria-expanded=\"false\"><span id=\"Fragen-toggle-189\">Ich habe eine Frage, auf die ich einfach keine Antwort finde. Wie kann ich Euch am besten kontaktieren?<\/span><\/a><\/div><div id=\"Fragen-content-189\" class=\"sh-content Fragen-content sh-hide\" style=\"display: none;\"> <\/strong><\/p>\n\n\n\n<p>F\u00fcr weitere Fragen kannst Du uns unter folgenden E-Mail und Nummer kontaktieren:<\/p>\n\n\n\n<p>info@cegenundthierry.ch<\/p>\n\n\n\n<p>Tel.: +41 78 637 19 33 <\/p>\n\n\n\n<p><strong><\/div><\/strong><\/p>\n","protected":false},"excerpt":{"rendered":"<p>Stand: 06.03.3023 EINLADUNG UND ANTWORTSCHREIBEN Anfahrt, Transport und Unterbringung Dress Code ESSEN SONSTIGES<\/p>\n","protected":false},"author":2,"featured_media":0,"parent":0,"menu_order":0,"comment_status":"closed","ping_status":"closed","template":"","meta":{"footnotes":""},"class_list":["post-189","page","type-page","status-publish","hentry"],"_links":{"self":[{"href":"https:\/\/cegenundthierry.ch\/index.php\/wp-json\/wp\/v2\/pages\/189","targetHints":{"allow":["GET"]}}],"collection":[{"href":"https:\/\/cegenundthierry.ch\/index.php\/wp-json\/wp\/v2\/pages"}],"about":[{"href":"https:\/\/cegenundthierry.ch\/index.php\/wp-json\/wp\/v2\/types\/page"}],"author":[{"embeddable":true,"href":"https:\/\/cegenundthierry.ch\/index.php\/wp-json\/wp\/v2\/users\/2"}],"replies":[{"embeddable":true,"href":"https:\/\/cegenundthierry.ch\/index.php\/wp-json\/wp\/v2\/comments?post=189"}],"version-history":[{"count":63,"href":"https:\/\/cegenundthierry.ch\/index.php\/wp-json\/wp\/v2\/pages\/189\/revisions"}],"predecessor-version":[{"id":529,"href":"https:\/\/cegenundthierry.ch\/index.php\/wp-json\/wp\/v2\/pages\/189\/revisions\/529"}],"wp:attachment":[{"href":"https:\/\/cegenundthierry.ch\/index.php\/wp-json\/wp\/v2\/media?parent=189"}],"curies":[{"name":"wp","href":"https:\/\/api.w.org\/{rel}","templated":true}]}}